{"id":63,"date":"2017-03-28T11:02:27","date_gmt":"2017-03-28T09:02:27","guid":{"rendered":"http:\/\/schule.bammentaler-tennisclub.de\/?page_id=63"},"modified":"2019-01-14T14:47:35","modified_gmt":"2019-01-14T13:47:35","slug":"rundgang-durch-die-schule","status":"publish","type":"page","link":"https:\/\/www.grundschule-lobbach.de\/?page_id=63","title":{"rendered":"Rundgang"},"content":{"rendered":"<div style=\"width:100%\"><div class=\"wd_error\"><p><strong>Es wurde keine Galerie ausgew\u00e4hlt oder die Galerie wurde gel\u00f6scht.<\/strong><\/p><\/div><\/div>\n<p>Unsere Schule kann \u00fcber 5 Klassenr\u00e4ume die \u00fcber 4 Stockwerke verteilt liegen, verf\u00fcgen. dazu kommen aber noch ein Computerraum, eine K\u00fcche, ein Technikraum und hoffentlich bald: Eine Sch\u00fclerb\u00fccherei.<br \/>\nAuch die Randbetreuung hat einen Raum im Schulgeb\u00e4ude.<br \/>\nSeit einiger Zeit k\u00f6nnen wir uns alle in unserem Medienraum versammeln, um eine Schulbesprechung abzuhalten oder einen Film zu schauen. Auch unsere Adventsfeiern finden im Medienraum statt.<\/p>\n","protected":false},"excerpt":{"rendered":"<p>Unsere Schule kann \u00fcber 5 Klassenr\u00e4ume die \u00fcber 4 Stockwerke verteilt liegen, verf\u00fcgen. dazu kommen aber noch ein Computerraum, eine K\u00fcche, ein Technikraum und hoffentlich bald: Eine Sch\u00fclerb\u00fccherei. Auch die Randbetreuung hat einen Raum im Schulgeb\u00e4ude. Seit einiger Zeit k\u00f6nnen wir uns alle in unserem Medienraum versammeln, um eine Schulbesprechung abzuhalten oder einen Film zu [&hellip;]<\/p>\n","protected":false},"author":2,"featured_media":0,"parent":24,"menu_order":0,"comment_status":"closed","ping_status":"closed","template":"","meta":{"two_page_speed":[],"footnotes":""},"class_list":["post-63","page","type-page","status-publish","hentry"],"_links":{"self":[{"href":"https:\/\/www.grundschule-lobbach.de\/index.php?rest_route=\/wp\/v2\/pages\/63","targetHints":{"allow":["GET"]}}],"collection":[{"href":"https:\/\/www.grundschule-lobbach.de\/index.php?rest_route=\/wp\/v2\/pages"}],"about":[{"href":"https:\/\/www.grundschule-lobbach.de\/index.php?rest_route=\/wp\/v2\/types\/page"}],"author":[{"embeddable":true,"href":"https:\/\/www.grundschule-lobbach.de\/index.php?rest_route=\/wp\/v2\/users\/2"}],"replies":[{"embeddable":true,"href":"https:\/\/www.grundschule-lobbach.de\/index.php?rest_route=%2Fwp%2Fv2%2Fcomments&post=63"}],"version-history":[{"count":5,"href":"https:\/\/www.grundschule-lobbach.de\/index.php?rest_route=\/wp\/v2\/pages\/63\/revisions"}],"predecessor-version":[{"id":1498,"href":"https:\/\/www.grundschule-lobbach.de\/index.php?rest_route=\/wp\/v2\/pages\/63\/revisions\/1498"}],"up":[{"embeddable":true,"href":"https:\/\/www.grundschule-lobbach.de\/index.php?rest_route=\/wp\/v2\/pages\/24"}],"wp:attachment":[{"href":"https:\/\/www.grundschule-lobbach.de\/index.php?rest_route=%2Fwp%2Fv2%2Fmedia&parent=63"}],"curies":[{"name":"wp","href":"https:\/\/api.w.org\/{rel}","templated":true}]}}

<div style="width:100%"><div class="wd_error"><p><strong>Es wurde keine Galerie ausgewählt oder die Galerie wurde gelöscht.</strong></p></div></div>
<p>Unsere Schule kann über 5 Klassenräume die über 4 Stockwerke verteilt liegen, verfügen. dazu kommen aber noch ein Computerraum, eine Küche, ein Technikraum und hoffentlich bald: Eine Schülerbücherei.<br />
Auch die Randbetreuung hat einen Raum im Schulgebäude.<br />
Seit einiger Zeit können wir uns alle in unserem Medienraum versammeln, um eine Schulbesprechung abzuhalten oder einen Film zu schauen. Auch unsere Adventsfeiern finden im Medienraum statt.</p>

<p>Unsere Schule kann über 5 Klassenräume die über 4 Stockwerke verteilt liegen, verfügen. dazu kommen aber noch ein Computerraum, eine Küche, ein Technikraum und hoffentlich bald: Eine Schülerbücherei. Auch die Randbetreuung hat einen Raum im Schulgebäude. Seit einiger Zeit können wir uns alle in unserem Medienraum versammeln, um eine Schulbesprechung abzuhalten oder einen Film zu [&hellip;]</p>
